r of 323 and 19.
19
Calculate the greatest common divisor of 456 and 5073.
57
Calculate the greatest common divisor of 144 and 54.
18
Calculate the greatest common divisor of 3996 and 27.
27
What is the highest common divisor of 1150 and 50?
50
What is the highest common factor of 49 and 7?
7
What is the greatest common factor of 20 and 92?
4
What is the greatest common divisor of 40 and 1?
1
What is the greatest common factor of 84 and 9?
3
Calculate the highest common divisor of 99 and 18.
9
What is the highest common factor of 15 and 915?
15
What is the highest common divisor of 2 and 3518?
2
What is the highest common factor of 220 and 165?
55
Calculate the highest common factor of 1161 and 344.
43
Calculate the highest common factor of 11742 and 114.
114
What is the highest common divisor of 41273 and 277?
277
Calculate the greatest common factor of 13 and 377.
13
What is the highest common factor of 552 and 480?
24
What is the highest common factor of 1927 and 47?
47
Calculate the highest common divisor of 618 and 412.
206
What is the highest common divisor of 90 and 486?
18
What is the highest common factor of 122 and 4514?
122
Calculate the highest common factor of 75 and 756.
3
Calculate the highest common divisor of 342 and 2907.
171
Calculate the highest common factor of 572 and 26.
26
Calculate the greatest common divisor of 24 and 699.
3
What is the highest common divisor of 9 and 153?
9
What is the highest common factor of 1 and 7517?
1
Calculate the highest common factor of 33 and 55.
11
Calculate the highest common factor of 9330 and 90.
30
Calculate the greatest common divisor of 131 and 131.
131
What is the highest common divisor of 462 and 561?
33
What is the greatest common divisor of 205 and 25?
5
What is the highest common divisor of 1984 and 3100?
124
Calculate the greatest common divisor of 568 and 13774.
142
Calculate the highest common factor of 54 and 297.
27
Calculate the greatest common factor of 17 and 9.
1
What is the highest common divisor of 66 and 209?
11
What is the greatest common divisor of 504 and 224?
56
Calculate the greatest common factor of 8 and 512.
8
Calculate the highest common factor of 1628 and 88.
44
Calculate the greatest common factor of 280 and 364.
28
Calculate the highest common factor of 69 and 1817.
23
What is the highest common divisor of 17 and 1139?
17
What is the highest common divisor of 16 and 31?
1
What is the greatest common divisor of 814 and 110?
22
What is the greatest common divisor of 243 and 27?
27
What is the highest common divisor of 240 and 6320?
80
Calculate the highest common divisor of 1164 and 144.
12
Calculate the greatest common divisor of 7 and 133.
7
What is the highest common divisor of 70 and 224?
14
Calculate the greatest common factor of 124 and 9393.
31
Calculate the highest common factor of 33 and 6.
3
What is the greatest common factor of 48 and 6896?
16
What is the greatest common divisor of 300 and 72?
12
What is the highest common divisor of 311 and 204016?
311
What is the highest common factor of 192 and 72?
24
What is the highest common divisor of 14 and 2758?
14
What is the greatest common divisor of 77 and 11?
11
Calculate the greatest common divisor of 3 and 123.
3
What is the greatest common factor of 18 and 96?
6
What is the highest common divisor of 729 and 9396?
81
What is the greatest common factor of 1239 and 21?
21
What is the greatest common divisor of 252 and 168?
84
Calculate the greatest common divisor of 143 and 407.
11
Calculate the greatest common factor of 105 and 30.
15
Calculate the highest common factor of 516 and 54.
6
What is the highest common divisor of 9 and 243?
9
Calculate the highest common factor of 168 and 324.
12
Calculate the highest common factor of 10832 and 16.
16
Calculate the greatest common divisor of 200 and 680.
40
Calculate the highest common factor of 384 and 48.
48
What is the greatest common factor of 48 and 3552?
48
What is the greatest common divisor of 7 and 14917?
7
Calculate the highest common factor of 493 and 87.
29
Calculate the greatest common divisor of 204 and 11118.
102
What is the highest common divisor of 37 and 4?
1
What is the greatest common factor of 66 and 2706?
66
What is the greatest common factor of 722 and 646?
38
Calculate the highest common divisor of 105 and 1410.
15
What is the greatest common factor of 166 and 2656?
166
Calculate the highest common divisor of 8822 and 44.
22
What is the greatest common factor of 24 and 972?
12
Calculate the highest common factor of 40 and 1000.
40
What is the greatest common divisor of 29 and 551?
29
Calculate the highest common factor of 50742 and 18.
18
What is the greatest common divisor of 152 and 24?
8
What is the highest common factor of 62 and 4743?
31
Calculate the greatest common factor of 282 and 12.
6
What is the greatest common divisor of 96 and 42?
6
Calculate the highest common factor of 738 and 820.
82
Calculate the greatest common divisor of 219 and 2044.
73
Calculate the greatest common divisor of 78 and 52.
26
Calculate the greatest common factor of 62 and 17174.
62
Calculate the highest common factor of 1122 and 1309.
187
Calculate the highest common factor of 169 and 247.
13
What is the highest common divisor of 34 and 230?
2
What is the highest common divisor of 407 and 111?
37
Calculate the highest common factor of 96 and 708.
12
Calculate the greatest common factor of 1474 and 44.
22
What is the greatest common factor of 10090 and 20?
10
What is the greatest common factor of 195 and 1105?
65
What is the greatest common factor of 136 and 12461?
17
Calculate the highest common factor of 1480 and 40.
40
What is the greatest common divisor of 21 and 805?
7
What is the greatest common divisor of 48 and 234?
6
What is the greatest common factor of 15 and 45?
15
What is the greatest common divisor of 122706 and 51?
51
Calculate the highest common factor of 80 and 2416.
16
What is the greatest common divisor of 724 and 20?
4
What is the highest common factor of 2080 and 78?
26
Calculate the greatest common factor of 186 and 6.
6
What is the highest common factor of 200 and 96?
8
What is the highest common divisor of 3 and 3?
3
Calculate the greatest common factor of 84 and 245.
7
Calculate the highest common factor of 3843 and 945.
63
Calculate the highest common factor of 279 and 423.
9
What is the greatest common divisor of 49689 and 9?
9
Calculate the greatest common divisor of 707 and 4545.
101
What is the highest common divisor of 174 and 6?
6
Calculate the highest common divisor of 483 and 21.
21
Calculate the greatest common divisor of 60 and 320.
20
What is the greatest common factor of 41344 and 16?
16
Calculate the greatest common factor of 68 and 2.
2
What is the highest common factor of 819 and 364?
91
Calculate the greatest common factor of 24 and 4364.
4
Calculate the highest common divisor of 6 and 24.
6
Calculate the highest common divisor of 18 and 10.
2
What is the greatest common divisor of 87 and 145?
29
What is the highest common divisor of 45 and 351?
9
Calculate the highest common divisor of 440 and 594.
22
Calculate the greatest common divisor of 830 and 10.
10
What is the highest common divisor of 6 and 42?
6
What is the greatest common divisor of 1 and 13?
1
What is the greatest common divisor of 555 and 75?
15
What is the greatest common divisor of 11 and 16?
1
What is the greatest common factor of 656 and 48?
16
What is the greatest common divisor of 16944 and 6?
6
What is the highest common divisor of 850 and 110?
10
Calculate the greatest common factor of 396 and 108.
36
Calculate the highest common divisor of 23 and 46.
23
What is the greatest common factor of 1800 and 630?
90
Calculate the greatest common factor of 25 and 180.
5
Calculate the highest common divisor of 1393 and 35.
7
Calculate the highest common divisor of 38 and 3439.
19
What is the greatest common divisor of 27093 and 11?
11
What is the highest common divisor of 6292 and 44?
44
What is the greatest common divisor of 280 and 15?
5
What is the greatest common divisor of 20 and 800?
20
What is the greatest common divisor of 308 and 3556?
28
What is the greatest common divisor of 2176 and 68?
68
Calculate the greatest common divisor